
1
Suppose 5*r - 85 = 275. Let y be (8/10)/((-1)/(-5)). Let j be 140/18 + y/18. Calculate the highest common divisor of j and r.
8
Let z be (-24)/180 + (-304)/(-30). Calculate the greatest common factor of z and 5.
5
Let u be (-12)/(-4) - 4 - (2 + -13). What is the highest common factor of 5 and u?
5
Let l be 2/(((-7)/(-16))/7). Suppose 3*h + 2*h = 5*j + 55, -4*j - l = -3*h. What is the highest common divisor of 108 and h?
12
Let f(g) = -g**3 + 5*g**2 + g. Let q be f(5). Suppose -q*i + 39 = 4*v, -2*v + 24 = v + 2*i. What is the highest common factor of v and 9?
3
Suppose -2*n - f + 3 = -0*n, 15 = -5*f. Let v be 284/n - 3/(-9). Calculate the greatest common divisor of v and 38.
19
Let o(a) = 13*a. Let i be o(11). Calculate the highest common factor of i and 13.
13
Let f = 15 + -11. Let s be 7 - (1/1 + 0). Let u = f + s. Calculate the greatest common factor of u and 10.
10
Suppose 90 = 11*h - 6*h. What is the highest common divisor of h and 18?
18
Suppose 4*o = -5*w + 4, 0 = -2*o - o - 2*w + 10. Suppose 8*h + 140 = o*h. Let a be (-90)/h + (-4)/14. What is the greatest common factor of 4 and a?
1
Let m(n) = -5*n + 60. Let s be m(0). Let b(p) = -5*p. Let g be b(-3). What is the highest common divisor of s and g?
15
Let d(y) = 5*y - 1. Let c be d(-1). Let h be (-4)/(-6)*-7*c. Calculate the greatest common factor of 4 and h.
4
Let a = 47 + -19. Calculate the greatest common divisor of a and 196.
28
Suppose 6 = 2*a, 4*y + 4*a = 3*a + 103. Calculate the highest common divisor of y and 125.
25
Let o be 248/6 + 4/6. Calculate the greatest common divisor of o and 6.
6
Let l = -3 + 4. Suppose -3*k + 4*x + 11 = 0, k - 2*x = 3*k - 12. What is the highest common factor of l and k?
1
Let h = 14 - 7. What is the highest common factor of 63 and h?
7
Let r = 1 - -2. Suppose -4 = -r*j + 41. Let l = j + -9. Calculate the highest common divisor of 42 and l.
6
Suppose 0 = -f + 6*f - 20. Suppose -f*w = -59 + 11. Suppose 3*k - 429 = -4*d, 153 = 4*d - 4*k - 283. Calculate the greatest common factor of d and w.
12
Suppose -24*v + 31*v - 63 = 0. Suppose -144 = -8*o + 4*o. Calculate the highest common divisor of v and o.
9
Suppose -4*t = -2*t - 286. Suppose -4*q + 163 = -q + x, 5*x - t = -3*q. Suppose 2*d - 13 - 3 = 0. Calculate the highest common divisor of d and q.
8
Suppose -4*v + 8*v = 768. Calculate the highest common divisor of 12 and v.
12
Let b(o) = 6 + 6*o**2 + 1 + 5*o - 1 - o**3. Let q be b(5). Let i = -52 + 59. What is the greatest common divisor of q and i?
7
Let x = -7 - -12. Calculate the greatest common factor of x and 10.
5
Let b = 9 + -27. Let m = b + 116. Calculate the highest common divisor of 14 and m.
14
Suppose 2*t + 2*a - 140 = -2*a, t + 4*a = 68. Let h = -40 + t. What is the highest common factor of h and 4?
4
Suppose -4*t = -5*f + 64, -4*f = -6*f + 3*t + 27. Suppose z + 2*p = -4*z + 52, 2*p + 32 = 2*z. Calculate the highest common factor of z and f.
12
Let r be (-3 - 1)/(-4) + 15. What is the highest common factor of 16 and r?
16
Suppose 32 = 3*i - 2*f, -4*i + 0*f + f + 51 = 0. Suppose -2*s + 168 = -5*q, -3*q - 168 = -2*s - 0*s. Calculate the greatest common divisor of i and s.
14
Let w = 28 - 7. Suppose -3*b - 3*j = -495, 180 = b - 4*j - 0*j. What is the greatest common divisor of b and w?
21
Let s = 47 + -15. Suppose 2*m - 6 = s. Let n = 46 - m. What is the highest common divisor of n and 3?
3
Let a(p) = -p**2 - p + 6. Let n be a(0). Let y be (-170)/(-14) + 2 + (-45)/21. What is the highest common factor of n and y?
6
Let c(k) = 3*k**2 + 4*k + 6. Let d be c(-3). Calculate the highest common divisor of d and 21.
21
Let b(g) = g**2 - g + 2. Let r = 0 - -2. Let n be b(r). Let o = -10 + 14. Calculate the greatest common divisor of n and o.
4
Suppose -5*v + 182 = 3*u - u, 4*u + v = 328. Let z = 5 - -4. What is the highest common factor of u and z?
9
Let a = -6 - -12. Let y(u) = -8*u - 3. Let n be y(-6). Let b = n + -21. What is the highest common divisor of a and b?
6
Let c be -1 - 435/((-9)/3). Let x(z) = -2*z**2 + 18. Let u be x(0). What is the greatest common factor of c and u?
18
Let o(p) = -p**3 - 3*p**2 - p + 4. Let u be o(-3). Let z(r) = r**2 - 7*r - 4. Let d be z(u). Let h be 2/d*4*-3. Calculate the highest common factor of 12 and h.
6
Let f be 1/(134/44 - 3). Suppose -4*s - 4*b + 356 = 0, -260 = -3*s + 2*b + 2*b. What is the greatest common factor of f and s?
22
Let a(w) = -w - 8. Let b be a(-10). Calculate the highest common factor of 22 and b.
2
Let u(y) = -y + 2. Let s be u(1). Let m be 0 - ((-1)/1 + s). Suppose 150 = 5*r - m*r. Calculate the greatest common divisor of r and 6.
6
Let l = 14 - 7. Let f = 32 - -35. Let h = -4 + f. Calculate the greatest common divisor of l and h.
7
Let x = 25 + -13. Let o = x + 0. Calculate the greatest common factor of o and 12.
12
Let v = 5 - -5. Let z(h) = h**3 + 21*h**2 - 72*h + 4. Let r be z(-24). Calculate the highest common factor of r and v.
2
Let u be (3/2)/(3/12). Suppose -4*f - 18 = -j, -2*j - j - 3*f - u = 0. Let z be (6/4 + 1)*j. What is the greatest common divisor of z and 2?
1
Let f be (0 + 0/(-3))/1. Let a(x) = -3 - x**2 + 16*x + f - 4 + 4. Let h be a(7). What is the highest common factor of h and 24?
12
Let g(w) = w**2 + 7*w + 4. Let f be g(-7). Let a = f - -6. Let j(r) = 8*r**3 + 2*r**2 - 2*r + 2. Let y be j(2). Calculate the greatest common factor of y and a.
10
Suppose 3*q - 840 = -7*q. Let n(h) = h**3 + 5*h**2 - 8*h. Let i(c) = -5*c**3 - c. Let w be i(1). Let g be n(w). What is the highest common factor of g and q?
12
Let h = -9 - -17. Suppose 3*f + 5 - 17 = 0. Suppose -4*z - 20 = 0, -w + 4 = 2*w + f*z. Calculate the highest common factor of w and h.
8
Let f be (0 - 3)*(-6)/9. Suppose -f*c + r = -0*c - 15, 0 = -5*r + 25. Let z be (-2)/4 - (-126)/12. Calculate the greatest common divisor of z and c.
10
Suppose -5*c + 0*c + 720 = 0. Calculate the highest common divisor of c and 18.
18
Suppose 20 = -6*t + 68. Calculate the greatest common factor of 32 and t.
8
Let u = -70 - -88. What is the highest common divisor of 72 and u?
18
Let y = -78 - -112. Let n(m) = m**3 - 6*m**2 + m - 6. Let o be n(6). Suppose o = -f - 1, 4*p - f = 3*f + 72. What is the highest common divisor of y and p?
17
Let x(z) = z. Let l be x(0). Let g(m) be the first derivative of -m**3/3 + 33*m + 3. Let w be g(l). What is the greatest common factor of w and 22?
11
Let q(g) = g**2 + 5*g. Let m be q(-5). Suppose -n = v - m*n - 10, 5*v = 3*n + 18. What is the greatest common divisor of 48 and v?
6
Let r = 108 + -73. What is the greatest common factor of 14 and r?
7
Suppose 0*y + 4*y = -p + 5, 5*p - 25 = 4*y. Suppose y*m - 2*m = -28. Calculate the greatest common divisor of 154 and m.
14
Let w(n) = n**2 + 12. Suppose 0 = -0*d - 3*d. Suppose -3*j + j = d. Let f be w(j). Calculate the highest common divisor of f and 84.
12
Let r(c) = c + 11. Let d be r(-9). Suppose d*u - 15 = 7. Suppose 0 = 2*x - 6*x + 176. Calculate the highest common divisor of u and x.
11
Let l be (-13)/4 - (-12)/(-16). Let w = l + -73. Let p = -42 - w. What is the greatest common divisor of p and 14?
7
Let z be (-12)/8 + 26/(-4). Let d be (-33)/(-12) - 2/z. Suppose -3*s + 5*f - 11 + 30 = 0, 2*f = -5*s + 11. Calculate the greatest common divisor of d and s.
3
Suppose -4*m + 105 = -3. Let f be (-100)/6 + 6/9. Let o = f + m. What is the highest common factor of o and 33?
11
Let y be -2 + 2 + -2 + -1. Let b be y/6 - (-101)/2. Suppose 91 = 5*n + 4*p, -b = -3*n + 2*p - 13. What is the highest common factor of n and 10?
5
Let f(b) = -b**3 - 2*b**2 - 4*b. Let x be f(-3). What is the greatest common divisor of x and 147?
21
Let v(d) = d**3 - 3*d**2 + 2*d + 1. Suppose n + 2 - 5 = -b, -3*b = 2*n - 8. Let q be v(b). Suppose 0 = s - q - 2. What is the highest common factor of s and 1?
1
Let l = 24 - 102. Let a = 204 + l. Calculate the highest common factor of 18 and a.
18
Let x = 10 + 2. Suppose -14*r - 24 = -276. What is the greatest common divisor of x and r?
6
Let f be (-2 - -5)/((-6)/(-10)). Let g be (-1)/((f/16)/(-5)). Let z be (-2)/(-6) + 33/9. What is the highest common factor of z and g?
4
Let f(b) = 19 - 3*b**2 - 14*b + 2*b**2 - 2*b**2 + 4*b**2. Let v be f(13). Let c = 11 - 2. Calculate the highest common divisor of v and c.
3
Suppose -4 = -f + 4. Suppose